{"id":20512,"date":"2020-03-03T12:22:55","date_gmt":"2020-03-03T12:22:55","guid":{"rendered":"http:\/\/festtraeume.de\/wordpress\/?post_type=product&#038;p=20512"},"modified":"2020-06-14T17:44:32","modified_gmt":"2020-06-14T17:44:32","slug":"schlitten","status":"publish","type":"product","link":"https:\/\/festtraeume.de\/wordpress\/product\/schlitten\/","title":{"rendered":"Schlitten"},"content":{"rendered":"<p>Schlitten, gro\u00dfes Tablett, rechteckig<br \/>\nrutschfest<\/p>\n<p>Leihpreis pro St\u00fcck \u20ac 4,00<\/p>\n","protected":false},"excerpt":{"rendered":"<p>Schlitten, gro\u00dfes Tablett, rechteckig<br \/>\nrutschfest<\/p>\n<p>Leihpreis pro St\u00fcck \u20ac 4,00<\/p>\n","protected":false},"featured_media":20513,"template":"","meta":[],"product_cat":[222],"product_tag":[],"yoast_head":"<!-- This site is optimized with the Yoast SEO plugin v19.3 - https:\/\/yoast.com\/wordpress\/plugins\/seo\/ -->\n<title>Schlitten &ndash; FESTTR\u00c4UME<\/title>\n<meta name=\"robots\" content=\"index, follow, max-snippet:-1, max-image-preview:large, max-video-preview:-1\" \/>\n<link rel=\"canonical\" href=\"https:\/\/festtraeume.de\/wordpress\/product\/schlitten\/\" \/>\n<meta property=\"og:locale\" content=\"de_DE\" \/>\n<meta property=\"og:type\" content=\"article\" \/>\n<meta property=\"og:title\" content=\"Schlitten &ndash; FESTTR\u00c4UME\" \/>\n<meta property=\"og:description\" content=\"Schlitten, gro\u00dfes Tablett, rechteckig rutschfest  Leihpreis pro St\u00fcck \u20ac 4,00\" \/>\n<meta property=\"og:url\" content=\"https:\/\/festtraeume.de\/wordpress\/product\/schlitten\/\" \/>\n<meta property=\"og:site_name\" content=\"FESTTR\u00c4UME\" \/>\n<meta property=\"article:modified_time\" content=\"2020-06-14T17:44:32+00:00\" \/>\n<meta property=\"og:image\" content=\"https:\/\/festtraeume.de\/wordpress\/wp-content\/uploads\/2020\/03\/chlitten-scaled.jpg\" \/>\n\t<meta property=\"og:image:width\" content=\"2560\" \/>\n\t<meta property=\"og:image:height\" content=\"757\" \/>\n\t<meta property=\"og:image:type\" content=\"image\/jpeg\" \/>\n<meta name=\"twitter:card\" content=\"summary_large_image\" \/>\n<script type=\"application\/ld+json\" class=\"yoast-schema-graph\">{\"@context\":\"https:\/\/schema.org\",\"@graph\":[{\"@type\":\"Organization\",\"@id\":\"https:\/\/festtraeume.de\/wordpress\/#organization\",\"name\":\"Geschirrverleih Festtr\u00e4ume in Balingen\",\"url\":\"https:\/\/festtraeume.de\/wordpress\/\",\"sameAs\":[],\"logo\":{\"@type\":\"ImageObject\",\"inLanguage\":\"de\",\"@id\":\"https:\/\/festtraeume.de\/wordpress\/#\/schema\/logo\/image\/\",\"url\":\"\",\"contentUrl\":\"\",\"caption\":\"Geschirrverleih Festtr\u00e4ume in Balingen\"},\"image\":{\"@id\":\"https:\/\/festtraeume.de\/wordpress\/#\/schema\/logo\/image\/\"}},{\"@type\":\"WebSite\",\"@id\":\"https:\/\/festtraeume.de\/wordpress\/#website\",\"url\":\"https:\/\/festtraeume.de\/wordpress\/\",\"name\":\"Geschirrverleih Festtr\u00e4ume in Balingen - Teller, Besteck, Gl\u00e4ser mieten\",\"description\":\"\",\"publisher\":{\"@id\":\"https:\/\/festtraeume.de\/wordpress\/#organization\"},\"potentialAction\":[{\"@type\":\"SearchAction\",\"target\":{\"@type\":\"EntryPoint\",\"urlTemplate\":\"https:\/\/festtraeume.de\/wordpress\/?s={search_term_string}\"},\"query-input\":\"required name=search_term_string\"}],\"inLanguage\":\"de\"},{\"@type\":\"ImageObject\",\"inLanguage\":\"de\",\"@id\":\"https:\/\/festtraeume.de\/wordpress\/product\/schlitten\/#primaryimage\",\"url\":\"https:\/\/festtraeume.de\/wordpress\/wp-content\/uploads\/2020\/03\/chlitten-scaled.jpg\",\"contentUrl\":\"https:\/\/festtraeume.de\/wordpress\/wp-content\/uploads\/2020\/03\/chlitten-scaled.jpg\",\"width\":2560,\"height\":757},{\"@type\":\"WebPage\",\"@id\":\"https:\/\/festtraeume.de\/wordpress\/product\/schlitten\/\",\"url\":\"https:\/\/festtraeume.de\/wordpress\/product\/schlitten\/\",\"name\":\"Schlitten &ndash; FESTTR\u00c4UME\",\"isPartOf\":{\"@id\":\"https:\/\/festtraeume.de\/wordpress\/#website\"},\"primaryImageOfPage\":{\"@id\":\"https:\/\/festtraeume.de\/wordpress\/product\/schlitten\/#primaryimage\"},\"datePublished\":\"2020-03-03T12:22:55+00:00\",\"dateModified\":\"2020-06-14T17:44:32+00:00\",\"breadcrumb\":{\"@id\":\"https:\/\/festtraeume.de\/wordpress\/product\/schlitten\/#breadcrumb\"},\"inLanguage\":\"de\",\"potentialAction\":[{\"@type\":\"ReadAction\",\"target\":[\"https:\/\/festtraeume.de\/wordpress\/product\/schlitten\/\"]}]},{\"@type\":\"BreadcrumbList\",\"@id\":\"https:\/\/festtraeume.de\/wordpress\/product\/schlitten\/#breadcrumb\",\"itemListElement\":[{\"@type\":\"ListItem\",\"position\":1,\"name\":\"Startseite\",\"item\":\"https:\/\/festtraeume.de\/wordpress\/\"},{\"@type\":\"ListItem\",\"position\":2,\"name\":\"Verleih-Shop\",\"item\":\"https:\/\/festtraeume.de\/wordpress\/verleih-shop\/\"},{\"@type\":\"ListItem\",\"position\":3,\"name\":\"Schlitten\"}]}]}<\/script>\n<!-- \/ Yoast SEO plugin. -->","yoast_head_json":{"title":"Schlitten &ndash; FESTTR\u00c4UME","robots":{"index":"index","follow":"follow","max-snippet":"max-snippet:-1","max-image-preview":"max-image-preview:large","max-video-preview":"max-video-preview:-1"},"canonical":"https:\/\/festtraeume.de\/wordpress\/product\/schlitten\/","og_locale":"de_DE","og_type":"article","og_title":"Schlitten &ndash; FESTTR\u00c4UME","og_description":"Schlitten, gro\u00dfes Tablett, rechteckig rutschfest  Leihpreis pro St\u00fcck \u20ac 4,00","og_url":"https:\/\/festtraeume.de\/wordpress\/product\/schlitten\/","og_site_name":"FESTTR\u00c4UME","article_modified_time":"2020-06-14T17:44:32+00:00","og_image":[{"width":2560,"height":757,"url":"https:\/\/festtraeume.de\/wordpress\/wp-content\/uploads\/2020\/03\/chlitten-scaled.jpg","type":"image\/jpeg"}],"twitter_card":"summary_large_image","schema":{"@context":"https:\/\/schema.org","@graph":[{"@type":"Organization","@id":"https:\/\/festtraeume.de\/wordpress\/#organization","name":"Geschirrverleih Festtr\u00e4ume in Balingen","url":"https:\/\/festtraeume.de\/wordpress\/","sameAs":[],"logo":{"@type":"ImageObject","inLanguage":"de","@id":"https:\/\/festtraeume.de\/wordpress\/#\/schema\/logo\/image\/","url":"","contentUrl":"","caption":"Geschirrverleih Festtr\u00e4ume in Balingen"},"image":{"@id":"https:\/\/festtraeume.de\/wordpress\/#\/schema\/logo\/image\/"}},{"@type":"WebSite","@id":"https:\/\/festtraeume.de\/wordpress\/#website","url":"https:\/\/festtraeume.de\/wordpress\/","name":"Geschirrverleih Festtr\u00e4ume in Balingen - Teller, Besteck, Gl\u00e4ser mieten","description":"","publisher":{"@id":"https:\/\/festtraeume.de\/wordpress\/#organization"},"potentialAction":[{"@type":"SearchAction","target":{"@type":"EntryPoint","urlTemplate":"https:\/\/festtraeume.de\/wordpress\/?s={search_term_string}"},"query-input":"required name=search_term_string"}],"inLanguage":"de"},{"@type":"ImageObject","inLanguage":"de","@id":"https:\/\/festtraeume.de\/wordpress\/product\/schlitten\/#primaryimage","url":"https:\/\/festtraeume.de\/wordpress\/wp-content\/uploads\/2020\/03\/chlitten-scaled.jpg","contentUrl":"https:\/\/festtraeume.de\/wordpress\/wp-content\/uploads\/2020\/03\/chlitten-scaled.jpg","width":2560,"height":757},{"@type":"WebPage","@id":"https:\/\/festtraeume.de\/wordpress\/product\/schlitten\/","url":"https:\/\/festtraeume.de\/wordpress\/product\/schlitten\/","name":"Schlitten &ndash; FESTTR\u00c4UME","isPartOf":{"@id":"https:\/\/festtraeume.de\/wordpress\/#website"},"primaryImageOfPage":{"@id":"https:\/\/festtraeume.de\/wordpress\/product\/schlitten\/#primaryimage"},"datePublished":"2020-03-03T12:22:55+00:00","dateModified":"2020-06-14T17:44:32+00:00","breadcrumb":{"@id":"https:\/\/festtraeume.de\/wordpress\/product\/schlitten\/#breadcrumb"},"inLanguage":"de","potentialAction":[{"@type":"ReadAction","target":["https:\/\/festtraeume.de\/wordpress\/product\/schlitten\/"]}]},{"@type":"BreadcrumbList","@id":"https:\/\/festtraeume.de\/wordpress\/product\/schlitten\/#breadcrumb","itemListElement":[{"@type":"ListItem","position":1,"name":"Startseite","item":"https:\/\/festtraeume.de\/wordpress\/"},{"@type":"ListItem","position":2,"name":"Verleih-Shop","item":"https:\/\/festtraeume.de\/wordpress\/verleih-shop\/"},{"@type":"ListItem","position":3,"name":"Schlitten"}]}]}},"_links":{"self":[{"href":"https:\/\/festtraeume.de\/wordpress\/wp-json\/wp\/v2\/product\/20512"}],"collection":[{"href":"https:\/\/festtraeume.de\/wordpress\/wp-json\/wp\/v2\/product"}],"about":[{"href":"https:\/\/festtraeume.de\/wordpress\/wp-json\/wp\/v2\/types\/product"}],"wp:featuredmedia":[{"embeddable":true,"href":"https:\/\/festtraeume.de\/wordpress\/wp-json\/wp\/v2\/media\/20513"}],"wp:attachment":[{"href":"https:\/\/festtraeume.de\/wordpress\/wp-json\/wp\/v2\/media?parent=20512"}],"wp:term":[{"taxonomy":"product_cat","embeddable":true,"href":"https:\/\/festtraeume.de\/wordpress\/wp-json\/wp\/v2\/product_cat?post=20512"},{"taxonomy":"product_tag","embeddable":true,"href":"https:\/\/festtraeume.de\/wordpress\/wp-json\/wp\/v2\/product_tag?post=20512"}],"curies":[{"name":"wp","href":"https:\/\/api.w.org\/{rel}","templated":true}]}}

<p>Schlitten, großes Tablett, rechteckig<br />
rutschfest</p>
<p>Leihpreis pro Stück € 4,00</p>

<!-- This site is optimized with the Yoast SEO plugin v19.3 - https://yoast.com/wordpress/plugins/seo/ -->
<title>Schlitten &ndash; FESTTRÄUME</title>
<meta name="robots" content="index, follow, max-snippet:-1, max-image-preview:large, max-video-preview:-1" />
<link rel="canonical" href="https://festtraeume.de/wordpress/product/schlitten/" />
<meta property="og:locale" content="de_DE" />
<meta property="og:type" content="article" />
<meta property="og:title" content="Schlitten &ndash; FESTTRÄUME" />
<meta property="og:description" content="Schlitten, großes Tablett, rechteckig rutschfest  Leihpreis pro Stück € 4,00" />
<meta property="og:url" content="https://festtraeume.de/wordpress/product/schlitten/" />
<meta property="og:site_name" content="FESTTRÄUME" />
<meta property="article:modified_time" content="2020-06-14T17:44:32+00:00" />
<meta property="og:image" content="https://festtraeume.de/wordpress/wp-content/uploads/2020/03/chlitten-scaled.jpg" />
	<meta property="og:image:width" content="2560" />
	<meta property="og:image:height" content="757" />
	<meta property="og:image:type" content="image/jpeg" />
<meta name="twitter:card" content="summary_large_image" />
<script type="application/ld+json" class="yoast-schema-graph">{"@context":"https://schema.org","@graph":[{"@type":"Organization","@id":"https://festtraeume.de/wordpress/#organization","name":"Geschirrverleih Festträume in Balingen","url":"https://festtraeume.de/wordpress/","sameAs":[],"logo":{"@type":"ImageObject","inLanguage":"de","@id":"https://festtraeume.de/wordpress/#/schema/logo/image/","url":"","contentUrl":"","caption":"Geschirrverleih Festträume in Balingen"},"image":{"@id":"https://festtraeume.de/wordpress/#/schema/logo/image/"}},{"@type":"WebSite","@id":"https://festtraeume.de/wordpress/#website","url":"https://festtraeume.de/wordpress/","name":"Geschirrverleih Festträume in Balingen - Teller, Besteck, Gläser mieten","description":"","publisher":{"@id":"https://festtraeume.de/wordpress/#organization"},"potentialAction":[{"@type":"SearchAction","target":{"@type":"EntryPoint","urlTemplate":"https://festtraeume.de/wordpress/?s={search_term_string}"},"query-input":"required name=search_term_string"}],"inLanguage":"de"},{"@type":"ImageObject","inLanguage":"de","@id":"https://festtraeume.de/wordpress/product/schlitten/#primaryimage","url":"https://festtraeume.de/wordpress/wp-content/uploads/2020/03/chlitten-scaled.jpg","contentUrl":"https://festtraeume.de/wordpress/wp-content/uploads/2020/03/chlitten-scaled.jpg","width":2560,"height":757},{"@type":"WebPage","@id":"https://festtraeume.de/wordpress/product/schlitten/","url":"https://festtraeume.de/wordpress/product/schlitten/","name":"Schlitten &ndash; FESTTRÄUME","isPartOf":{"@id":"https://festtraeume.de/wordpress/#website"},"primaryImageOfPage":{"@id":"https://festtraeume.de/wordpress/product/schlitten/#primaryimage"},"datePublished":"2020-03-03T12:22:55+00:00","dateModified":"2020-06-14T17:44:32+00:00","breadcrumb":{"@id":"https://festtraeume.de/wordpress/product/schlitten/#breadcrumb"},"inLanguage":"de","potentialAction":[{"@type":"ReadAction","target":["https://festtraeume.de/wordpress/product/schlitten/"]}]},{"@type":"BreadcrumbList","@id":"https://festtraeume.de/wordpress/product/schlitten/#breadcrumb","itemListElement":[{"@type":"ListItem","position":1,"name":"Startseite","item":"https://festtraeume.de/wordpress/"},{"@type":"ListItem","position":2,"name":"Verleih-Shop","item":"https://festtraeume.de/wordpress/verleih-shop/"},{"@type":"ListItem","position":3,"name":"Schlitten"}]}]}</script>
<!-- / Yoast SEO plugin. -->

Schlitten &ndash; FESTTRÄUME

Schlitten, großes Tablett, rechteckig rutschfest  Leihpreis pro Stück € 4,00

FESTTRÄUME

Geschirrverleih Festträume in Balingen

Geschirrverleih Festträume in Balingen - Teller, Besteck, Gläser mieten
