{"id":20365,"date":"2020-02-11T15:45:03","date_gmt":"2020-02-11T15:45:03","guid":{"rendered":"http:\/\/festtraeume.de\/wordpress\/?post_type=product&#038;p=20365"},"modified":"2022-12-14T10:05:30","modified_gmt":"2022-12-14T10:05:30","slug":"speiseteller-trianon-o-24-5cm-1-gebindeeinheit-40-stueck","status":"publish","type":"product","link":"https:\/\/festtraeume.de\/wordpress\/product\/speiseteller-trianon-o-24-5cm-1-gebindeeinheit-40-stueck\/","title":{"rendered":"Speiseteller (Gebindepreis pro 40 St\u00fcck)"},"content":{"rendered":"<p>Speiseteller Trianon \u00d8 24.5cm<\/p>\n<p>1 Gebindeeinheit = 40 St\u00fcck<\/p>\n<p>Leihpreis \u20ac 25,00 (Gebindepreis)<\/p>\n<p>TRIANON &#8211; klassische Geschirrkollektion aus wei\u00dfem Hartglas von Luminarc. Das Glas unterliegt einer thermischen Behandlung, die das Material h\u00e4rter und best\u00e4ndiger gegen Kratzen und Schl\u00e4ge macht. Hartglas ist glatt und porenfrei, daher h\u00e4lt es keine Mikroorganismen auf und ist 100% hygienisch<\/p>\n","protected":false},"excerpt":{"rendered":"<p>Speiseteller Trianon \u00d8 24.5cm<\/p>\n<p>1 Gebindeeinheit = 40 St\u00fcck<\/p>\n<p>Leihpreis \u20ac 25,00 (Gebindepreis)<\/p>\n<p>TRIANON &#8211; klassische Geschirrkollektion aus wei\u00dfem Hartglas von Luminarc. Das Glas unterliegt einer thermischen Behandlung, die das Material h\u00e4rter und best\u00e4ndiger gegen Kratzen und Schl\u00e4ge macht. Hartglas ist glatt und porenfrei, daher h\u00e4lt es keine Mikroorganismen auf und ist 100% hygienisch<\/p>\n","protected":false},"featured_media":20462,"template":"","meta":[],"product_cat":[225],"product_tag":[],"yoast_head":"<!-- This site is optimized with the Yoast SEO plugin v19.3 - https:\/\/yoast.com\/wordpress\/plugins\/seo\/ -->\n<title>Speiseteller (Gebindepreis pro 40 St\u00fcck) &ndash; FESTTR\u00c4UME<\/title>\n<meta name=\"robots\" content=\"index, follow, max-snippet:-1, max-image-preview:large, max-video-preview:-1\" \/>\n<link rel=\"canonical\" href=\"https:\/\/festtraeume.de\/wordpress\/product\/speiseteller-trianon-o-24-5cm-1-gebindeeinheit-40-stueck\/\" \/>\n<meta property=\"og:locale\" content=\"de_DE\" \/>\n<meta property=\"og:type\" content=\"article\" \/>\n<meta property=\"og:title\" content=\"FestTr\u00e4ume Verleih-Shop\" \/>\n<meta property=\"og:description\" content=\"Speiseteller Trianon \u00d8 24.5cm  1 Gebindeeinheit = 40 St\u00fcck  Leihpreis \u20ac 25,00 (Gebindepreis)  TRIANON - klassische Geschirrkollektion aus wei\u00dfem Hartglas von Luminarc. Das Glas unterliegt einer thermischen Behandlung, die das Material h\u00e4rter und best\u00e4ndiger gegen Kratzen und Schl\u00e4ge macht. Hartglas ist glatt und porenfrei, daher h\u00e4lt es keine Mikroorganismen auf und ist 100% hygienisch\" \/>\n<meta property=\"og:url\" content=\"https:\/\/festtraeume.de\/wordpress\/product\/speiseteller-trianon-o-24-5cm-1-gebindeeinheit-40-stueck\/\" \/>\n<meta property=\"og:site_name\" content=\"FESTTR\u00c4UME\" \/>\n<meta property=\"article:modified_time\" content=\"2022-12-14T10:05:30+00:00\" \/>\n<meta property=\"og:image\" content=\"https:\/\/festtraeume.de\/wordpress\/wp-content\/uploads\/2020\/03\/Hochzeit-Gadau4.jpg\" \/>\n\t<meta property=\"og:image:width\" content=\"528\" \/>\n\t<meta property=\"og:image:height\" content=\"960\" \/>\n\t<meta property=\"og:image:type\" content=\"image\/jpeg\" \/>\n<meta name=\"twitter:card\" content=\"summary_large_image\" \/>\n<meta name=\"twitter:label1\" content=\"Gesch\u00e4tzte Lesezeit\" \/>\n\t<meta name=\"twitter:data1\" content=\"1\u00a0Minute\" \/>\n<script type=\"application\/ld+json\" class=\"yoast-schema-graph\">{\"@context\":\"https:\/\/schema.org\",\"@graph\":[{\"@type\":\"Organization\",\"@id\":\"https:\/\/festtraeume.de\/wordpress\/#organization\",\"name\":\"Geschirrverleih Festtr\u00e4ume in Balingen\",\"url\":\"https:\/\/festtraeume.de\/wordpress\/\",\"sameAs\":[],\"logo\":{\"@type\":\"ImageObject\",\"inLanguage\":\"de\",\"@id\":\"https:\/\/festtraeume.de\/wordpress\/#\/schema\/logo\/image\/\",\"url\":\"\",\"contentUrl\":\"\",\"caption\":\"Geschirrverleih Festtr\u00e4ume in Balingen\"},\"image\":{\"@id\":\"https:\/\/festtraeume.de\/wordpress\/#\/schema\/logo\/image\/\"}},{\"@type\":\"WebSite\",\"@id\":\"https:\/\/festtraeume.de\/wordpress\/#website\",\"url\":\"https:\/\/festtraeume.de\/wordpress\/\",\"name\":\"Geschirrverleih Festtr\u00e4ume in Balingen - Teller, Besteck, Gl\u00e4ser mieten\",\"description\":\"\",\"publisher\":{\"@id\":\"https:\/\/festtraeume.de\/wordpress\/#organization\"},\"potentialAction\":[{\"@type\":\"SearchAction\",\"target\":{\"@type\":\"EntryPoint\",\"urlTemplate\":\"https:\/\/festtraeume.de\/wordpress\/?s={search_term_string}\"},\"query-input\":\"required name=search_term_string\"}],\"inLanguage\":\"de\"},{\"@type\":\"ImageObject\",\"inLanguage\":\"de\",\"@id\":\"https:\/\/festtraeume.de\/wordpress\/product\/speiseteller-trianon-o-24-5cm-1-gebindeeinheit-40-stueck\/#primaryimage\",\"url\":\"https:\/\/festtraeume.de\/wordpress\/wp-content\/uploads\/2020\/02\/Teller-Trianon-scaled.jpg\",\"contentUrl\":\"https:\/\/festtraeume.de\/wordpress\/wp-content\/uploads\/2020\/02\/Teller-Trianon-scaled.jpg\",\"width\":2537,\"height\":2560},{\"@type\":\"WebPage\",\"@id\":\"https:\/\/festtraeume.de\/wordpress\/product\/speiseteller-trianon-o-24-5cm-1-gebindeeinheit-40-stueck\/\",\"url\":\"https:\/\/festtraeume.de\/wordpress\/product\/speiseteller-trianon-o-24-5cm-1-gebindeeinheit-40-stueck\/\",\"name\":\"Speiseteller (Gebindepreis pro 40 St\u00fcck) &ndash; FESTTR\u00c4UME\",\"isPartOf\":{\"@id\":\"https:\/\/festtraeume.de\/wordpress\/#website\"},\"primaryImageOfPage\":{\"@id\":\"https:\/\/festtraeume.de\/wordpress\/product\/speiseteller-trianon-o-24-5cm-1-gebindeeinheit-40-stueck\/#primaryimage\"},\"datePublished\":\"2020-02-11T15:45:03+00:00\",\"dateModified\":\"2022-12-14T10:05:30+00:00\",\"breadcrumb\":{\"@id\":\"https:\/\/festtraeume.de\/wordpress\/product\/speiseteller-trianon-o-24-5cm-1-gebindeeinheit-40-stueck\/#breadcrumb\"},\"inLanguage\":\"de\",\"potentialAction\":[{\"@type\":\"ReadAction\",\"target\":[\"https:\/\/festtraeume.de\/wordpress\/product\/speiseteller-trianon-o-24-5cm-1-gebindeeinheit-40-stueck\/\"]}]},{\"@type\":\"BreadcrumbList\",\"@id\":\"https:\/\/festtraeume.de\/wordpress\/product\/speiseteller-trianon-o-24-5cm-1-gebindeeinheit-40-stueck\/#breadcrumb\",\"itemListElement\":[{\"@type\":\"ListItem\",\"position\":1,\"name\":\"Startseite\",\"item\":\"https:\/\/festtraeume.de\/wordpress\/\"},{\"@type\":\"ListItem\",\"position\":2,\"name\":\"Verleih-Shop\",\"item\":\"https:\/\/festtraeume.de\/wordpress\/verleih-shop\/\"},{\"@type\":\"ListItem\",\"position\":3,\"name\":\"Speiseteller (Gebindepreis pro 40 St\u00fcck)\"}]}]}<\/script>\n<!-- \/ Yoast SEO plugin. -->","yoast_head_json":{"title":"Speiseteller (Gebindepreis pro 40 St\u00fcck) &ndash; FESTTR\u00c4UME","robots":{"index":"index","follow":"follow","max-snippet":"max-snippet:-1","max-image-preview":"max-image-preview:large","max-video-preview":"max-video-preview:-1"},"canonical":"https:\/\/festtraeume.de\/wordpress\/product\/speiseteller-trianon-o-24-5cm-1-gebindeeinheit-40-stueck\/","og_locale":"de_DE","og_type":"article","og_title":"FestTr\u00e4ume Verleih-Shop","og_description":"Speiseteller Trianon \u00d8 24.5cm  1 Gebindeeinheit = 40 St\u00fcck  Leihpreis \u20ac 25,00 (Gebindepreis)  TRIANON - klassische Geschirrkollektion aus wei\u00dfem Hartglas von Luminarc. Das Glas unterliegt einer thermischen Behandlung, die das Material h\u00e4rter und best\u00e4ndiger gegen Kratzen und Schl\u00e4ge macht. Hartglas ist glatt und porenfrei, daher h\u00e4lt es keine Mikroorganismen auf und ist 100% hygienisch","og_url":"https:\/\/festtraeume.de\/wordpress\/product\/speiseteller-trianon-o-24-5cm-1-gebindeeinheit-40-stueck\/","og_site_name":"FESTTR\u00c4UME","article_modified_time":"2022-12-14T10:05:30+00:00","og_image":[{"width":528,"height":960,"url":"https:\/\/festtraeume.de\/wordpress\/wp-content\/uploads\/2020\/03\/Hochzeit-Gadau4.jpg","type":"image\/jpeg"}],"twitter_card":"summary_large_image","twitter_misc":{"Gesch\u00e4tzte Lesezeit":"1\u00a0Minute"},"schema":{"@context":"https:\/\/schema.org","@graph":[{"@type":"Organization","@id":"https:\/\/festtraeume.de\/wordpress\/#organization","name":"Geschirrverleih Festtr\u00e4ume in Balingen","url":"https:\/\/festtraeume.de\/wordpress\/","sameAs":[],"logo":{"@type":"ImageObject","inLanguage":"de","@id":"https:\/\/festtraeume.de\/wordpress\/#\/schema\/logo\/image\/","url":"","contentUrl":"","caption":"Geschirrverleih Festtr\u00e4ume in Balingen"},"image":{"@id":"https:\/\/festtraeume.de\/wordpress\/#\/schema\/logo\/image\/"}},{"@type":"WebSite","@id":"https:\/\/festtraeume.de\/wordpress\/#website","url":"https:\/\/festtraeume.de\/wordpress\/","name":"Geschirrverleih Festtr\u00e4ume in Balingen - Teller, Besteck, Gl\u00e4ser mieten","description":"","publisher":{"@id":"https:\/\/festtraeume.de\/wordpress\/#organization"},"potentialAction":[{"@type":"SearchAction","target":{"@type":"EntryPoint","urlTemplate":"https:\/\/festtraeume.de\/wordpress\/?s={search_term_string}"},"query-input":"required name=search_term_string"}],"inLanguage":"de"},{"@type":"ImageObject","inLanguage":"de","@id":"https:\/\/festtraeume.de\/wordpress\/product\/speiseteller-trianon-o-24-5cm-1-gebindeeinheit-40-stueck\/#primaryimage","url":"https:\/\/festtraeume.de\/wordpress\/wp-content\/uploads\/2020\/02\/Teller-Trianon-scaled.jpg","contentUrl":"https:\/\/festtraeume.de\/wordpress\/wp-content\/uploads\/2020\/02\/Teller-Trianon-scaled.jpg","width":2537,"height":2560},{"@type":"WebPage","@id":"https:\/\/festtraeume.de\/wordpress\/product\/speiseteller-trianon-o-24-5cm-1-gebindeeinheit-40-stueck\/","url":"https:\/\/festtraeume.de\/wordpress\/product\/speiseteller-trianon-o-24-5cm-1-gebindeeinheit-40-stueck\/","name":"Speiseteller (Gebindepreis pro 40 St\u00fcck) &ndash; FESTTR\u00c4UME","isPartOf":{"@id":"https:\/\/festtraeume.de\/wordpress\/#website"},"primaryImageOfPage":{"@id":"https:\/\/festtraeume.de\/wordpress\/product\/speiseteller-trianon-o-24-5cm-1-gebindeeinheit-40-stueck\/#primaryimage"},"datePublished":"2020-02-11T15:45:03+00:00","dateModified":"2022-12-14T10:05:30+00:00","breadcrumb":{"@id":"https:\/\/festtraeume.de\/wordpress\/product\/speiseteller-trianon-o-24-5cm-1-gebindeeinheit-40-stueck\/#breadcrumb"},"inLanguage":"de","potentialAction":[{"@type":"ReadAction","target":["https:\/\/festtraeume.de\/wordpress\/product\/speiseteller-trianon-o-24-5cm-1-gebindeeinheit-40-stueck\/"]}]},{"@type":"BreadcrumbList","@id":"https:\/\/festtraeume.de\/wordpress\/product\/speiseteller-trianon-o-24-5cm-1-gebindeeinheit-40-stueck\/#breadcrumb","itemListElement":[{"@type":"ListItem","position":1,"name":"Startseite","item":"https:\/\/festtraeume.de\/wordpress\/"},{"@type":"ListItem","position":2,"name":"Verleih-Shop","item":"https:\/\/festtraeume.de\/wordpress\/verleih-shop\/"},{"@type":"ListItem","position":3,"name":"Speiseteller (Gebindepreis pro 40 St\u00fcck)"}]}]}},"_links":{"self":[{"href":"https:\/\/festtraeume.de\/wordpress\/wp-json\/wp\/v2\/product\/20365"}],"collection":[{"href":"https:\/\/festtraeume.de\/wordpress\/wp-json\/wp\/v2\/product"}],"about":[{"href":"https:\/\/festtraeume.de\/wordpress\/wp-json\/wp\/v2\/types\/product"}],"wp:featuredmedia":[{"embeddable":true,"href":"https:\/\/festtraeume.de\/wordpress\/wp-json\/wp\/v2\/media\/20462"}],"wp:attachment":[{"href":"https:\/\/festtraeume.de\/wordpress\/wp-json\/wp\/v2\/media?parent=20365"}],"wp:term":[{"taxonomy":"product_cat","embeddable":true,"href":"https:\/\/festtraeume.de\/wordpress\/wp-json\/wp\/v2\/product_cat?post=20365"},{"taxonomy":"product_tag","embeddable":true,"href":"https:\/\/festtraeume.de\/wordpress\/wp-json\/wp\/v2\/product_tag?post=20365"}],"curies":[{"name":"wp","href":"https:\/\/api.w.org\/{rel}","templated":true}]}}