{"id":20354,"date":"2020-02-04T13:08:57","date_gmt":"2020-02-04T13:08:57","guid":{"rendered":"http:\/\/festtraeume.de\/wordpress\/?page_id=20354"},"modified":"2026-01-05T18:10:42","modified_gmt":"2026-01-05T18:10:42","slug":"aktuelles","status":"publish","type":"page","link":"https:\/\/festtraeume.de\/wordpress\/aktuelles\/","title":{"rendered":"Aktuelles"},"content":{"rendered":"<p>&nbsp;<\/p>\n<h1 style=\"text-align: center;\"><strong>AKTUELLES<\/strong><\/h1>\n<p><a href=\"http:\/\/festtraeume.de\/wordpress\/wp-content\/uploads\/2023\/09\/line.png\"><img decoding=\"async\" class=\"lazyload wp-image-20857 aligncenter\" src=\"http:\/\/festtraeume.de\/wordpress\/wp-content\/uploads\/2023\/09\/line-300x59.png\" data-orig-src=\"http:\/\/festtraeume.de\/wordpress\/wp-content\/uploads\/2023\/09\/line-300x59.png\" alt=\"\" width=\"219\" height=\"43\" srcset=\"data:image\/svg+xml,%3Csvg%20xmlns%3D%27http%3A%2F%2Fwww.w3.org%2F2000%2Fsvg%27%20width%3D%27219%27%20height%3D%2743%27%20viewBox%3D%270%200%20219%2043%27%3E%3Crect%20width%3D%27219%27%20height%3D%2743%27%20fill-opacity%3D%220%22%2F%3E%3C%2Fsvg%3E\" data-srcset=\"https:\/\/festtraeume.de\/wordpress\/wp-content\/uploads\/2023\/09\/line-200x40.png 200w, https:\/\/festtraeume.de\/wordpress\/wp-content\/uploads\/2023\/09\/line-300x59.png 300w, https:\/\/festtraeume.de\/wordpress\/wp-content\/uploads\/2023\/09\/line.png 339w\" data-sizes=\"auto\" data-orig-sizes=\"(max-width: 219px) 100vw, 219px\" \/><\/a><\/p>\n<p>Liebe Kunden!<br \/>\nWir befinden uns derzeit in der Standort-Verlagerung und k\u00f6nnen leider kurzfristig keine Auftr\u00e4ge annehmen. Sie werden hier \u00fcber Neuigkeiten informiert. Wir sind schnellstm\u00f6glich mit einem neuen Konzept und unter anderer Leitung wieder f\u00fcr Sie da.<br \/>\nVielen Dank f\u00fcr Ihr Verst\u00e4ndnis!<\/p>\n","protected":false},"excerpt":{"rendered":"<p>&nbsp; AKTUELLES Liebe Kunden! Wir befinden uns derzeit in der Standort-Verlagerung und k\u00f6nnen leider kurzfristig keine Auftr\u00e4ge annehmen. Sie werden [&hellip;]<\/p>\n","protected":false},"author":1,"featured_media":0,"parent":0,"menu_order":0,"comment_status":"closed","ping_status":"closed","template":"","meta":{"footnotes":""},"yoast_head":"<!-- This site is optimized with the Yoast SEO plugin v19.3 - https:\/\/yoast.com\/wordpress\/plugins\/seo\/ -->\n<title>Geschirrverleih Festtr\u00e4ume in Balingen - Teller, Besteck, Gl\u00e4ser mieten<\/title>\n<meta name=\"description\" content=\"Geschirrverleih Festtr\u00e4ume in Balingen ist Ihr Partner im Verleih von Tellern, Besteck, Gl\u00e4sern, Dekoration, Tischdecken und vielem mehr.\" \/>\n<meta name=\"robots\" content=\"index, follow, max-snippet:-1, max-image-preview:large, max-video-preview:-1\" \/>\n<link rel=\"canonical\" href=\"https:\/\/festtraeume.de\/wordpress\/aktuelles\/\" \/>\n<meta property=\"og:locale\" content=\"de_DE\" \/>\n<meta property=\"og:type\" content=\"article\" \/>\n<meta property=\"og:title\" content=\"Geschirrverleih Festtr\u00e4ume in Balingen - Teller, Besteck, Gl\u00e4ser mieten\" \/>\n<meta property=\"og:description\" content=\"Geschirrverleih Festtr\u00e4ume in Balingen ist Ihr Partner im Verleih von Tellern, Besteck, Gl\u00e4sern, Dekoration, Tischdecken und vielem mehr.\" \/>\n<meta property=\"og:url\" content=\"https:\/\/festtraeume.de\/wordpress\/aktuelles\/\" \/>\n<meta property=\"og:site_name\" content=\"FESTTR\u00c4UME\" \/>\n<meta property=\"article:modified_time\" content=\"2026-01-05T18:10:42+00:00\" \/>\n<meta property=\"og:image\" content=\"http:\/\/festtraeume.de\/wordpress\/wp-content\/uploads\/2023\/09\/line-300x59.png\" \/>\n<meta name=\"twitter:card\" content=\"summary_large_image\" \/>\n<meta name=\"twitter:label1\" content=\"Gesch\u00e4tzte Lesezeit\" \/>\n\t<meta name=\"twitter:data1\" content=\"1\u00a0Minute\" \/>\n<script type=\"application\/ld+json\" class=\"yoast-schema-graph\">{\"@context\":\"https:\/\/schema.org\",\"@graph\":[{\"@type\":\"Organization\",\"@id\":\"https:\/\/festtraeume.de\/wordpress\/#organization\",\"name\":\"Geschirrverleih Festtr\u00e4ume in Balingen\",\"url\":\"https:\/\/festtraeume.de\/wordpress\/\",\"sameAs\":[],\"logo\":{\"@type\":\"ImageObject\",\"inLanguage\":\"de\",\"@id\":\"https:\/\/festtraeume.de\/wordpress\/#\/schema\/logo\/image\/\",\"url\":\"\",\"contentUrl\":\"\",\"caption\":\"Geschirrverleih Festtr\u00e4ume in Balingen\"},\"image\":{\"@id\":\"https:\/\/festtraeume.de\/wordpress\/#\/schema\/logo\/image\/\"}},{\"@type\":\"WebSite\",\"@id\":\"https:\/\/festtraeume.de\/wordpress\/#website\",\"url\":\"https:\/\/festtraeume.de\/wordpress\/\",\"name\":\"Geschirrverleih Festtr\u00e4ume in Balingen - Teller, Besteck, Gl\u00e4ser mieten\",\"description\":\"\",\"publisher\":{\"@id\":\"https:\/\/festtraeume.de\/wordpress\/#organization\"},\"potentialAction\":[{\"@type\":\"SearchAction\",\"target\":{\"@type\":\"EntryPoint\",\"urlTemplate\":\"https:\/\/festtraeume.de\/wordpress\/?s={search_term_string}\"},\"query-input\":\"required name=search_term_string\"}],\"inLanguage\":\"de\"},{\"@type\":\"ImageObject\",\"inLanguage\":\"de\",\"@id\":\"https:\/\/festtraeume.de\/wordpress\/aktuelles\/#primaryimage\",\"url\":\"https:\/\/festtraeume.de\/wordpress\/wp-content\/uploads\/2023\/09\/line.png\",\"contentUrl\":\"https:\/\/festtraeume.de\/wordpress\/wp-content\/uploads\/2023\/09\/line.png\",\"width\":339,\"height\":67},{\"@type\":\"WebPage\",\"@id\":\"https:\/\/festtraeume.de\/wordpress\/aktuelles\/\",\"url\":\"https:\/\/festtraeume.de\/wordpress\/aktuelles\/\",\"name\":\"Geschirrverleih Festtr\u00e4ume in Balingen - Teller, Besteck, Gl\u00e4ser mieten\",\"isPartOf\":{\"@id\":\"https:\/\/festtraeume.de\/wordpress\/#website\"},\"primaryImageOfPage\":{\"@id\":\"https:\/\/festtraeume.de\/wordpress\/aktuelles\/#primaryimage\"},\"datePublished\":\"2020-02-04T13:08:57+00:00\",\"dateModified\":\"2026-01-05T18:10:42+00:00\",\"description\":\"Geschirrverleih Festtr\u00e4ume in Balingen ist Ihr Partner im Verleih von Tellern, Besteck, Gl\u00e4sern, Dekoration, Tischdecken und vielem mehr.\",\"breadcrumb\":{\"@id\":\"https:\/\/festtraeume.de\/wordpress\/aktuelles\/#breadcrumb\"},\"inLanguage\":\"de\",\"potentialAction\":[{\"@type\":\"ReadAction\",\"target\":[\"https:\/\/festtraeume.de\/wordpress\/aktuelles\/\"]}]},{\"@type\":\"BreadcrumbList\",\"@id\":\"https:\/\/festtraeume.de\/wordpress\/aktuelles\/#breadcrumb\",\"itemListElement\":[{\"@type\":\"ListItem\",\"position\":1,\"name\":\"Startseite\",\"item\":\"https:\/\/festtraeume.de\/wordpress\/\"},{\"@type\":\"ListItem\",\"position\":2,\"name\":\"Aktuelles\"}]}]}<\/script>\n<!-- \/ Yoast SEO plugin. -->","yoast_head_json":{"title":"Geschirrverleih Festtr\u00e4ume in Balingen - Teller, Besteck, Gl\u00e4ser mieten","description":"Geschirrverleih Festtr\u00e4ume in Balingen ist Ihr Partner im Verleih von Tellern, Besteck, Gl\u00e4sern, Dekoration, Tischdecken und vielem mehr.","robots":{"index":"index","follow":"follow","max-snippet":"max-snippet:-1","max-image-preview":"max-image-preview:large","max-video-preview":"max-video-preview:-1"},"canonical":"https:\/\/festtraeume.de\/wordpress\/aktuelles\/","og_locale":"de_DE","og_type":"article","og_title":"Geschirrverleih Festtr\u00e4ume in Balingen - Teller, Besteck, Gl\u00e4ser mieten","og_description":"Geschirrverleih Festtr\u00e4ume in Balingen ist Ihr Partner im Verleih von Tellern, Besteck, Gl\u00e4sern, Dekoration, Tischdecken und vielem mehr.","og_url":"https:\/\/festtraeume.de\/wordpress\/aktuelles\/","og_site_name":"FESTTR\u00c4UME","article_modified_time":"2026-01-05T18:10:42+00:00","og_image":[{"url":"http:\/\/festtraeume.de\/wordpress\/wp-content\/uploads\/2023\/09\/line-300x59.png"}],"twitter_card":"summary_large_image","twitter_misc":{"Gesch\u00e4tzte Lesezeit":"1\u00a0Minute"},"schema":{"@context":"https:\/\/schema.org","@graph":[{"@type":"Organization","@id":"https:\/\/festtraeume.de\/wordpress\/#organization","name":"Geschirrverleih Festtr\u00e4ume in Balingen","url":"https:\/\/festtraeume.de\/wordpress\/","sameAs":[],"logo":{"@type":"ImageObject","inLanguage":"de","@id":"https:\/\/festtraeume.de\/wordpress\/#\/schema\/logo\/image\/","url":"","contentUrl":"","caption":"Geschirrverleih Festtr\u00e4ume in Balingen"},"image":{"@id":"https:\/\/festtraeume.de\/wordpress\/#\/schema\/logo\/image\/"}},{"@type":"WebSite","@id":"https:\/\/festtraeume.de\/wordpress\/#website","url":"https:\/\/festtraeume.de\/wordpress\/","name":"Geschirrverleih Festtr\u00e4ume in Balingen - Teller, Besteck, Gl\u00e4ser mieten","description":"","publisher":{"@id":"https:\/\/festtraeume.de\/wordpress\/#organization"},"potentialAction":[{"@type":"SearchAction","target":{"@type":"EntryPoint","urlTemplate":"https:\/\/festtraeume.de\/wordpress\/?s={search_term_string}"},"query-input":"required name=search_term_string"}],"inLanguage":"de"},{"@type":"ImageObject","inLanguage":"de","@id":"https:\/\/festtraeume.de\/wordpress\/aktuelles\/#primaryimage","url":"https:\/\/festtraeume.de\/wordpress\/wp-content\/uploads\/2023\/09\/line.png","contentUrl":"https:\/\/festtraeume.de\/wordpress\/wp-content\/uploads\/2023\/09\/line.png","width":339,"height":67},{"@type":"WebPage","@id":"https:\/\/festtraeume.de\/wordpress\/aktuelles\/","url":"https:\/\/festtraeume.de\/wordpress\/aktuelles\/","name":"Geschirrverleih Festtr\u00e4ume in Balingen - Teller, Besteck, Gl\u00e4ser mieten","isPartOf":{"@id":"https:\/\/festtraeume.de\/wordpress\/#website"},"primaryImageOfPage":{"@id":"https:\/\/festtraeume.de\/wordpress\/aktuelles\/#primaryimage"},"datePublished":"2020-02-04T13:08:57+00:00","dateModified":"2026-01-05T18:10:42+00:00","description":"Geschirrverleih Festtr\u00e4ume in Balingen ist Ihr Partner im Verleih von Tellern, Besteck, Gl\u00e4sern, Dekoration, Tischdecken und vielem mehr.","breadcrumb":{"@id":"https:\/\/festtraeume.de\/wordpress\/aktuelles\/#breadcrumb"},"inLanguage":"de","potentialAction":[{"@type":"ReadAction","target":["https:\/\/festtraeume.de\/wordpress\/aktuelles\/"]}]},{"@type":"BreadcrumbList","@id":"https:\/\/festtraeume.de\/wordpress\/aktuelles\/#breadcrumb","itemListElement":[{"@type":"ListItem","position":1,"name":"Startseite","item":"https:\/\/festtraeume.de\/wordpress\/"},{"@type":"ListItem","position":2,"name":"Aktuelles"}]}]}},"_links":{"self":[{"href":"https:\/\/festtraeume.de\/wordpress\/wp-json\/wp\/v2\/pages\/20354"}],"collection":[{"href":"https:\/\/festtraeume.de\/wordpress\/wp-json\/wp\/v2\/pages"}],"about":[{"href":"https:\/\/festtraeume.de\/wordpress\/wp-json\/wp\/v2\/types\/page"}],"author":[{"embeddable":true,"href":"https:\/\/festtraeume.de\/wordpress\/wp-json\/wp\/v2\/users\/1"}],"replies":[{"embeddable":true,"href":"https:\/\/festtraeume.de\/wordpress\/wp-json\/wp\/v2\/comments?post=20354"}],"version-history":[{"count":7,"href":"https:\/\/festtraeume.de\/wordpress\/wp-json\/wp\/v2\/pages\/20354\/revisions"}],"predecessor-version":[{"id":20962,"href":"https:\/\/festtraeume.de\/wordpress\/wp-json\/wp\/v2\/pages\/20354\/revisions\/20962"}],"wp:attachment":[{"href":"https:\/\/festtraeume.de\/wordpress\/wp-json\/wp\/v2\/media?parent=20354"}],"curies":[{"name":"wp","href":"https:\/\/api.w.org\/{rel}","templated":true}]}}